he highest common divisor of g and 3272?
8
Let m be 4/(-6) - (-774)/27. Let i be (-21)/m - (-39)/4. Suppose -t + 77 = 4*f, 4*t = 4*f - 0*t - 52. What is the highest common divisor of i and f?
9
Suppose -a - 78 = -82. Let i = -2 + 3. Let x be (a - 0) + (i - 3). What is the highest common divisor of 2 and x?
2
Let d be (2 + 8)/(280/2352). What is the greatest common divisor of 63 and d?
21
Suppose 40 = 3*a - 77. Let q = -26 + a. Calculate the greatest common factor of q and 130.
13
Suppose -t - 7*n + 45 = -2*n, 2*t - n = 145. Suppose -3*d = -0*d - 30. What is the highest common divisor of d and t?
10
Let a(o) = 3*o**2 - 36*o - 22. Let p be a(13). What is the greatest common factor of 289 and p?
17
Let b(g) = g**3 - 10*g**2 - 8*g - 24. Let m be b(11). Suppose l = 3*h - 11, l + 2*h = h + 5. What is the greatest common divisor of l and m?
1
Suppose 6*g - 42 - 12 = 0. Let f = 3 + g. What is the highest common factor of 24 and f?
12
Let s = -254 + 279. Calculate the highest common divisor of s and 90.
5
Suppose -l + 12 = 3*l. Suppose -x = j - 16, 51 = 5*x + 2*j - 17. What is the highest common factor of x and l?
3
Let o be 387/4 - 7/(-28). Let d be 7 + -8 + o + 0. Suppose 5*s - 24 = 36. What is the highest common factor of d and s?
12
Suppose 3*h + 1067 = -4*w + 3214, -5*w - 2*h + 2689 = 0. Let n(o) = o + 49. Let d be n(0). What is the greatest common divisor of d and w?
49
Let q(m) = m**2 + 18*m - 27. Let u be q(-17). Let z = -37 - u. Calculate the greatest common divisor of z and 14.
7
Let u(f) = -3*f - 1. Let k be u(-3). Let r = -14 + 78. Calculate the highest common divisor of k and r.
8
Let r be 6/4 + 1005/(-10). Let b be (r/(-44))/(2/8). Let y(q) = 2*q**2 + 9*q + 9. Let f be y(-6). What is the highest common factor of f and b?
9
Let l(j) = j**3 - 15*j**2 + 20*j + 12. Let d be l(15). Calculate the highest common divisor of d and 72.
24
Suppose -5*i + 228 = -47. Let w be (-4)/5 + 589/155. Suppose -w*y = -0*y - 15. Calculate the highest common factor of i and y.
5
Suppose -85 = 4*l - 289. Suppose -37 = -4*b + l. What is the greatest common divisor of b and 198?
22
Let m(g) = 31*g + 23. Let c(t) = 15*t + 11. Let n(x) = -5*c(x) + 3*m(x). Let s be n(3). Calculate the highest common factor of 17 and s.
17
Let k(b) = 2*b + 2. Let n be k(3). Calculate the highest common divisor of n and 28.
4
Let b(p) = -2*p + 5. Let y(t) = t + 3. Let n be y(-3). Let o be -7 + 4/(-4 - n). Let v be b(o). Calculate the highest common factor of 14 and v.
7
Let c = -329 + 813. What is the greatest common divisor of c and 176?
44
Suppose -100 = -2*i + 80. Let u(b) = b**3 + 8*b**2 - 4*b - 10. Let f be u(-4). Suppose 2*g - f = 2. What is the greatest common factor of g and i?
18
Let u = -92 + 133. What is the highest common factor of 861 and u?
41
Suppose 2*n + 1405 = 5*k, -2*k = n - 525 - 28. What is the highest common factor of 155 and k?
31
Let o(n) = n**2 + 7*n - 122. Let w be o(-16). Calculate the highest common factor of 352 and w.
22
Let c = 675 - 599. Calculate the greatest common factor of 190 and c.
38
Let g = 384 + -246. What is the greatest common divisor of g and 12?
6
Suppose 15 = 5*d, d = 2*y - 3*d + 44. Let o = y + 43. Calculate the greatest common factor of 81 and o.
27
Suppose 4*u - s - 2*s = 732, 0 = 2*u + 3*s - 348. Calculate the highest common factor of 480 and u.
60
Let b be (-9)/36*-348*2/2. Calculate the greatest common factor of b and 3.
3
Let h be 6*573/72 - (-1 + 9/12). Let a(u) = -528*u. Let w be a(-1). Calculate the greatest common factor of h and w.
48
Let z be 0/(-2*9/(-6)). Let a be ((-44)/(-16) + z)*20. What is the highest common factor of 22 and a?
11
Let g(j) = -2*j**3 - 10*j**2 + 4*j - 3. Let t be g(-6). What is the greatest common divisor of 315 and t?
45
Let m(u) be the second derivative of -u**3/2 - 4*u**2 - 5*u. Let t be m(-9). What is the greatest common divisor of 171 and t?
19
Suppose -f + 1 = 0, -2*f + 0 = 2*k - 10. Let i be (1 - 2)*(k - -3). Let p = i - -15. What is the highest common factor of 56 and p?
8
Suppose -396 = -z - z. Let l be (-3)/(100/(-24) + 4). What is the greatest common divisor of z and l?
18
Suppose 0 = -2*l + 7*l + 3*r - 23, 4*r = -16. Let a be 147/(-42)*(-24)/l. Calculate the highest common divisor of 12 and a.
12
Let q = -92 - -149. Let w = q + 20. What is the highest common factor of w and 11?
11
Suppose 4*x + 80 = 4*o, -8 = -2*o + o - 2*x. Suppose o*u - 150 = 11*u. Calculate the highest common factor of u and 45.
15
Let m(b) = -b**3 - 2*b**2 + 7*b + 6. Let j be m(-4). Let y = -40 + 48. Suppose -60 = -y*z + 60. What is the highest common factor of j and z?
5
Suppose 4*f = 5*q + f - 39, -5*q - 4*f + 53 = 0. Suppose -q*b + 125 = -4*b. Calculate the greatest common divisor of 10 and b.
5
Let f(m) = m**2 - 16*m - 15. Let h be f(17). Suppose -q = h*q. Suppose 2*v = -q + 6. What is the greatest common factor of v and 2?
1
Suppose 3*u + 20 = -5*n - u, 4*n = -3*u - 16. Let x be (0 - 343)/((0 + 4)/n). What is the greatest common divisor of 49 and x?
49
Suppose -5*h + 15 = -5*t - 0*t, h = -t + 7. Let f be 2/((8/t)/2). Suppose 31 = -8*w + 42 + 45. Calculate the highest common factor of f and w.
1
Let g be (-4)/(-18) + (-1830)/(-27). Suppose -3*m + 966 - 292 = 4*z, -4*z - 4*m + 672 = 0. Calculate the greatest common divisor of z and g.
34
Suppose -9 = 3*h, -4*h - 4 = v + 6. Suppose -v*m = -3*b - 98, 6*m = 3*m + 2*b + 152. Calculate the highest common divisor of m and 130.
26
Let s(o) = -o - 2. Let n be s(1). Let l(d) = d**3 + 5*d**2 + 5*d + 3. Let t be l(n). What is the highest common factor of 24 and t?
6
Suppose 0 = -4*q + 52 - 28. Suppose 2*s + 6*s - 432 = 0. What is the highest common factor of q and s?
6
Suppose m = 7*m. Suppose m = 5*h + 4*c - 329, 0 = 3*h - 0*h + c - 203. What is the highest common factor of 46 and h?
23
Let b be (150 + 0)*(6/(-10) - -1). Calculate the greatest common divisor of b and 30.
30
Suppose -5*d - 3*i + 1 + 51 = 0, 0 = -2*d + 4*i. Let u = -944 - -976. What is the greatest common factor of d and u?
8
Suppose 71 = i - 1. Let g(p) = -3*p - 24. Let m be g(-14). Calculate the greatest common divisor of m and i.
18
Let k(w) = 10*w + 73. Let b be k(5). What is the highest common divisor of b and 1066?
41
Let s be (-16)/(-48)*(37 - 2 - 2). Suppose -s*u = -15*u + 660. Calculate the highest common divisor of 33 and u.
33
Let l = 121 + -79. Let v be (1*4/(-12))/((-5)/105). What is the greatest common factor of l and v?
7
Let u(g) = -18*g - 132. Let v be u(-20). Let h = 16 + -4. What is the greatest common divisor of h and v?
12
Suppose 2*y = 4*b - 14, 2*b - 5*y = -0*y + 19. Suppose 49 + 27 = b*l. What is the greatest common divisor of l and 152?
38
Suppose 12 = 3*g - 0. Suppose 6 = 3*q, 2*b - g*q = q + 12. Let m = 46 + -35. What is the highest common factor of m and b?
11
Suppose -138*q + 1008 = -132*q. What is the highest common divisor of 21 and q?
21
Let i(k) = k**2 + 2*k + 3. Let d be i(-4). Let c = d + -23. Let o be 19 + 4/(c/9). What is the greatest common factor of 8 and o?
8
Suppose 0 = k + 2*y - 1 - 1, -2*k + 24 = -y. What is the highest common divisor of 110 and k?
10
Let r be -2*(-8)/2 + (-10 - -29). Calculate the greatest common factor of 1125 and r.
9
Suppose -17*f = -14*f - 6. Suppose -3*c = f*d + 2 - 1, 0 = 3*d - c - 4. Let q be ((-14)/56)/(d/(-52)). Calculate the greatest common factor of q and 104.
13
Let t(z) = -z**2 + 22. Let p be t(0). Let f be p/4*(10 - 12). Let h = f - -55. Calculate the highest common factor of h and 22.
22
Suppose 7 = -5*t + 47. Let i be 62/((-5)/((-20)/t)). What is the highest common factor of i and 310?
31
Let z(f) = -f**3 + 57*f**2 + 3*f - 153. Let o be z(57). Calculate the greatest common divisor of o and 9.
9
Let f = -22 + 46. Let p(k) = -k**3 + 13*k**2 + 4*k - 11. Let w be p(12). Let x = -109 + w. What is the highest common divisor of x and f?
24
Suppose 20 = v - 3*o, -4*v - 6*o = -o - 12. Let f be (-72)/10*20/(-8). Let s = f + -2. Calculate the highest common factor of s and v.
8
Let c = 286 + -79. Suppose 5*h - 2*t = 111, 0*t - 3*t = h - 29. Calculate the highest common factor of c and h.
23
Let o(z) = -6*z - 20. Let w be o(-4). Suppose w*a + g = 61, -3*a + 2 = 4*g - 47. What is the greatest common divisor of 75 and a?
15
Let o(s) = s**3 + 13*s**2 